{"id":8068,"date":"2022-11-15T06:15:53","date_gmt":"2022-11-15T12:15:53","guid":{"rendered":"https:\/\/www.fundap.com.gt\/centro-tecnico\/?page_id=8068"},"modified":"2026-04-17T16:08:27","modified_gmt":"2026-04-17T22:08:27","slug":"cursos-especializados","status":"publish","type":"page","link":"https:\/\/www.fundap.com.gt\/centro-tecnico\/cursos-especializados\/","title":{"rendered":"Cursos especializados"},"content":{"rendered":"<div class=\"wpb-content-wrapper\"><p>[vc_row full_width=&#8221;stretch_row&#8221; bg_type=&#8221;image&#8221; parallax_style=&#8221;vcpb-default&#8221; bg_image_new=&#8221;id^9624|url^https:\/\/www.fundap.com.gt\/centro-tecnico\/wp-content\/uploads\/2025\/11\/male-chef-putting-salad-plate-scaled.jpg|caption^null|alt^null|title^male-chef-putting-salad-plate|description^null&#8221; bg_image_repeat=&#8221;no-repeat&#8221; enable_overlay=&#8221;enable_overlay_value&#8221; overlay_color=&#8221;rgba(0,0,0,0.2)&#8221; overlay_pattern=&#8221;transperant&#8221; css=&#8221;.vc_custom_1763058636789{padding-top: 100px !important;padding-bottom: 100px !important;}&#8221; el_id=&#8221;intro-row&#8221;][vc_column width=&#8221;1\/2&#8243;][vc_column_text css=&#8221;&#8221; el_class=&#8221;meses&#8221;]2 meses<br \/>\nCursos por Horas[\/vc_column_text][vc_column_text el_class=&#8221;lista-temas pre-title&#8221;]<\/p>\n<ul>\n<li>Cocina<\/li>\n<li>Belleza<\/li>\n<li>Textiles<\/li>\n<\/ul>\n<p>[\/vc_column_text][vc_column_text css=&#8221;&#8221; el_class=&#8221;intro&#8221;]<\/p>\n<h1>Cursos especializados<\/h1>\n<p>Cursos de 2 meses para desarrollar tus habilidades y destrezas que te permitan generar ingresos dignos.[\/vc_column_text][vc_raw_html]JTNDYnV0dG9uJTIwY2xhc3MlM0QlMjJ2ZXItaW5mbyUyMHRvLWN1cnNvcyUyMiUzRVZlciUyMGN1cnNvcyUyMCUzQ3NwYW4lMjBjbGFzcyUzRCUyMm1hdGVyaWFsLXN5bWJvbHMtb3V0bGluZWQlMjIlM0VleHBhbmRfbW9yZSUzQyUyRnNwYW4lM0UlM0MlMkZidXR0b24lM0U=[\/vc_raw_html][\/vc_column][vc_column width=&#8221;1\/2&#8243; el_id=&#8221;meses&#8221;][\/vc_column][\/vc_row][vc_row equal_height=&#8221;yes&#8221; content_placement=&#8221;middle&#8221; css=&#8221;.vc_custom_1668426925233{padding-top: 90px !important;padding-bottom: 60px !important;}&#8221; el_class=&#8221;reverse-responsive&#8221;][vc_column width=&#8221;1\/2&#8243;][vc_column_text css=&#8221;&#8221; el_class=&#8221;text-info&#8221;]<\/p>\n<h2>Requisitos de inscripci\u00f3n<\/h2>\n<p>Las metodolog\u00edas de los cursos cortos que ofrece el Centro de Formaci\u00f3n T\u00e9cnica son en modalidad Presencial[\/vc_column_text][vc_column_text css=&#8221;&#8221; el_class=&#8221;lista-temas requisitos&#8221;]<\/p>\n<ul>\n<li>Edad: de 15 a\u00f1os en adelante<\/li>\n<li>Fotocopia de DPI<\/li>\n<li>Certificado de nacimiento reciente para menores<\/li>\n<li>Fotocopia de certificado del \u00faltimo a\u00f1o aprobado<\/li>\n<\/ul>\n<p>[\/vc_column_text][\/vc_column][vc_column width=&#8221;1\/2&#8243;][vc_column_text el_class=&#8221;info-vid&#8221;]<video style=\"display: flex; margin: auto;\" autoplay=\"autoplay\" loop=\"loop\" muted=\"\" controls=\"controls\" width=\"2560\" height=\"auto\"><source src=\"\/centro-tecnico\/wp-content\/uploads\/2020\/09\/Cursos-cortos_cc.mp4\" type=\"video\/mp4\">Tu navegador no permite la reproducci\u00f3n de v\u00eddeos.<\/video>[\/vc_column_text][\/vc_column][\/vc_row][vc_row css=&#8221;.vc_custom_1668081455716{padding-top: 60px !important;padding-bottom: 60px !important;}&#8221; el_id=&#8221;row-cursos&#8221;][vc_column][vc_tta_tabs shape=&#8221;round&#8221; active_section=&#8221;1&#8243; no_fill_content_area=&#8221;true&#8221; el_id=&#8221;tabs-cursos&#8221;][vc_tta_section title=&#8221;Todos los centros&#8221; tab_id=&#8221;todos&#8221;][vc_column_text el_class=&#8221;title-tema&#8221;]<\/p>\n<h3>Centro T\u00e9cnico Quetzaltenango<\/h3>\n<p>[\/vc_column_text][vc_raw_html el_class=&#8221;info-ct&#8221;]JTNDZGl2JTNFJTNDc3BhbiUyMGNsYXNzJTNEJTIybWF0ZXJpYWwtc3ltYm9scy1vdXRsaW5lZCUyMiUzRW1lbnVfYm9vayUzQyUyRnNwYW4lM0UlM0NzcGFuJTIwY2xhc3MlM0QlMjJ0ZSUyMG1ldG9kJTIyJTNFVGlwbyUyMGRlJTIwY3Vyc28lM0ElM0MlMkZzcGFuJTNFJTNDcCUzRVByZXNlbmNpYWxlcyUzQyUyRnAlM0UlM0MlMkZkaXYlM0UlMEElM0NkaXYlM0UlM0NzcGFuJTIwY2xhc3MlM0QlMjJtYXRlcmlhbC1pY29ucyUyMiUzRWxvY2F0aW9uX29uJTNDJTJGc3BhbiUzRSUzQ3NwYW4lMjBjbGFzcyUzRCUyMnRlJTIwdWJpJTIyJTNFVWJpY2FjaSVDMyVCM24lM0ElM0MlMkZzcGFuJTNFJTNDcCUzRUNhbnQlQzMlQjNuJTIwWGVjYXJhY29qLVRpZXJyYSUyMENvbG9yYWRhJTIwQmFqYSUyQyUyMFF1ZXR6YWx0ZW5hbmdvJTIwJTNDJTJGcCUzRSUzQyUyRmRpdiUzRSUwQSUzQ2RpdiUzRSUzQ3NwYW4lMjBjbGFzcyUzRCUyMm1hdGVyaWFsLWljb25zJTIyJTNFY2FsbCUzQyUyRnNwYW4lM0UlM0NzcGFuJTIwY2xhc3MlM0QlMjJ0ZSUyMHRlbGYlMjIlM0VUZWwlQzMlQTlmb25vJTNBJTNDJTJGc3BhbiUzRSUzQ3AlM0U3Nzk0LTE5MDElM0MlMkZwJTNFJTNDJTJGZGl2JTNF[\/vc_raw_html][vc_basic_grid post_type=&#8221;custom&#8221; item=&#8221;8048&#8243; initial_loading_animation=&#8221;fadeInLeft&#8221; grid_id=&#8221;vc_gid:1776463250945-67381826-367c-7&#8243; el_class=&#8221;grid-cursos&#8221; custom_query=&#8221;post_type=cursos&amp;tipo=especializado&amp;departamento=quetzaltenango&amp;posts_per_page=-1&amp;meta_key=fecha_inicio&amp;orderby=meta_value_num&amp;order=ASC&#8221;][vc_column_text el_class=&#8221;title-tema&#8221;]<\/p>\n<h3>Centro T\u00e9cnico Mazatenango<\/h3>\n<p>[\/vc_column_text][vc_raw_html el_class=&#8221;info-ct&#8221;]JTNDZGl2JTNFJTNDc3BhbiUyMGNsYXNzJTNEJTIybWF0ZXJpYWwtc3ltYm9scy1vdXRsaW5lZCUyMiUzRW1lbnVfYm9vayUzQyUyRnNwYW4lM0UlM0NzcGFuJTIwY2xhc3MlM0QlMjJ0ZSUyMG1ldG9kJTIyJTNFVGlwbyUyMGRlJTIwY3Vyc28lM0ElM0MlMkZzcGFuJTNFJTNDcCUzRVByZXNlbmNpYWxlcyUzQyUyRnAlM0UlM0MlMkZkaXYlM0UlMEElM0NkaXYlM0UlM0NzcGFuJTIwY2xhc3MlM0QlMjJtYXRlcmlhbC1pY29ucyUyMiUzRWxvY2F0aW9uX29uJTNDJTJGc3BhbiUzRSUzQ3NwYW4lMjBjbGFzcyUzRCUyMnRlJTIwdWJpJTIyJTNFVWJpY2FjaSVDMyVCM24lM0ElM0MlMkZzcGFuJTNFJTNDcCUzRTR0YS4lMjBDYWxsZSUyMDItMjMlMjBab25hJTIwMSUyQyUyME1hemF0ZW5hbmdvJTNDJTJGcCUzRSUzQyUyRmRpdiUzRSUwQSUzQ2RpdiUzRSUzQ3NwYW4lMjBjbGFzcyUzRCUyMm1hdGVyaWFsLWljb25zJTIyJTNFY2FsbCUzQyUyRnNwYW4lM0UlM0NzcGFuJTIwY2xhc3MlM0QlMjJ0ZSUyMHRlbGYlMjIlM0VUZWwlQzMlQTlmb25vJTNBJTNDJTJGc3BhbiUzRSUzQ3AlM0U3ODcyLTQ0ODklMjAlMkYlMjA3ODY3LTkyOTQlM0MlMkZwJTNFJTNDJTJGZGl2JTNF[\/vc_raw_html][vc_basic_grid post_type=&#8221;custom&#8221; item=&#8221;8048&#8243; initial_loading_animation=&#8221;fadeInLeft&#8221; grid_id=&#8221;vc_gid:1776463250946-aafa774a-572c-2&#8243; el_class=&#8221;grid-cursos&#8221; custom_query=&#8221;post_type=cursos&amp;tipo=especializado&amp;departamento=mazatenango&amp;posts_per_page=-1&amp;meta_key=fecha_inicio&amp;orderby=meta_value_num&amp;order=ASC&#8221;][vc_column_text el_class=&#8221;title-tema&#8221;]<\/p>\n<h3>Centro T\u00e9cnico San Marcos<\/h3>\n<p>[\/vc_column_text][vc_raw_html el_class=&#8221;info-ct&#8221;]JTNDZGl2JTNFJTNDc3BhbiUyMGNsYXNzJTNEJTIybWF0ZXJpYWwtc3ltYm9scy1vdXRsaW5lZCUyMiUzRW1lbnVfYm9vayUzQyUyRnNwYW4lM0UlM0NzcGFuJTIwY2xhc3MlM0QlMjJ0ZSUyMG1ldG9kJTIyJTNFVGlwbyUyMGRlJTIwY3Vyc28lM0ElM0MlMkZzcGFuJTNFJTNDcCUzRVByZXNlbmNpYWxlcyUzQyUyRnAlM0UlM0MlMkZkaXYlM0UlMEElM0NkaXYlM0UlM0NzcGFuJTIwY2xhc3MlM0QlMjJtYXRlcmlhbC1pY29ucyUyMiUzRWxvY2F0aW9uX29uJTNDJTJGc3BhbiUzRSUzQ3NwYW4lMjBjbGFzcyUzRCUyMnRlJTIwdWJpJTIyJTNFVWJpY2FjaSVDMyVCM24lM0ElM0MlMkZzcGFuJTNFJTNDcCUzRTEzJTIwQXZlbmlkYSUyMDUtMTMxJTIwem9uYSUyMDQlMjBTYW4lMjBNYXJjb3MlM0MlMkZwJTNFJTNDJTJGZGl2JTNFJTBBJTNDZGl2JTNFJTNDc3BhbiUyMGNsYXNzJTNEJTIybWF0ZXJpYWwtaWNvbnMlMjIlM0VjYWxsJTNDJTJGc3BhbiUzRSUzQ3NwYW4lMjBjbGFzcyUzRCUyMnRlJTIwdGVsZiUyMiUzRVRlbCVDMyVBOWZvbm8lM0ElM0MlMkZzcGFuJTNFJTNDcCUzRTc3OTYtMjkwMCUzQyUyRnAlM0UlM0MlMkZkaXYlM0U=[\/vc_raw_html][vc_basic_grid post_type=&#8221;custom&#8221; item=&#8221;8048&#8243; initial_loading_animation=&#8221;fadeInLeft&#8221; grid_id=&#8221;vc_gid:1776463250947-dff29ad0-3700-0&#8243; el_class=&#8221;grid-cursos&#8221; custom_query=&#8221;post_type=cursos&amp;tipo=especializado&amp;departamento=san-marcos&amp;posts_per_page=-1&amp;meta_key=fecha_inicio&amp;orderby=meta_value_num&amp;order=ASC&#8221;][vc_column_text el_class=&#8221;title-tema&#8221;]<\/p>\n<h3>Centro T\u00e9cnico Santa Cruz Quich\u00e9<\/h3>\n<p>[\/vc_column_text][vc_raw_html el_class=&#8221;info-ct&#8221;]JTNDZGl2JTNFJTNDc3BhbiUyMGNsYXNzJTNEJTIybWF0ZXJpYWwtc3ltYm9scy1vdXRsaW5lZCUyMiUzRW1lbnVfYm9vayUzQyUyRnNwYW4lM0UlM0NzcGFuJTIwY2xhc3MlM0QlMjJ0ZSUyMG1ldG9kJTIyJTNFVGlwbyUyMGRlJTIwY3Vyc28lM0ElM0MlMkZzcGFuJTNFJTNDcCUzRVByZXNlbmNpYWxlcyUzQyUyRnAlM0UlM0MlMkZkaXYlM0UlMEElM0NkaXYlM0UlM0NzcGFuJTIwY2xhc3MlM0QlMjJtYXRlcmlhbC1pY29ucyUyMiUzRWxvY2F0aW9uX29uJTNDJTJGc3BhbiUzRSUzQ3NwYW4lMjBjbGFzcyUzRCUyMnRlJTIwdWJpJTIyJTNFVWJpY2FjaSVDMyVCM24lM0ElM0MlMkZzcGFuJTNFJTNDcCUzRU1hbnphbmElMjBEJTIwQ2FzYSUyME4lQzIlQkElMjA1JTIwWm9uYSUyMDQlMjBDb2xvbmlhJTIwJUUyJTgwJTlDTG9zJTIwQ2VsYWplcyVFMiU4MCU5RCUyQyUyMFNhbnRhJTIwQ3J1eiUyMGRlbCUyMFF1aWNoJUMzJUE5JTNDJTJGcCUzRSUzQyUyRmRpdiUzRSUwQSUzQ2RpdiUzRSUzQ3NwYW4lMjBjbGFzcyUzRCUyMm1hdGVyaWFsLWljb25zJTIyJTNFY2FsbCUzQyUyRnNwYW4lM0UlM0NzcGFuJTIwY2xhc3MlM0QlMjJ0ZSUyMHRlbGYlMjIlM0VUZWwlQzMlQTlmb25vJTNBJTNDJTJGc3BhbiUzRSUzQ3AlM0U3NzU1LTQ1NDQlM0MlMkZwJTNFJTNDJTJGZGl2JTNF[\/vc_raw_html][vc_basic_grid post_type=&#8221;custom&#8221; item=&#8221;8048&#8243; initial_loading_animation=&#8221;fadeInLeft&#8221; grid_id=&#8221;vc_gid:1776463250947-54b0f15f-8f79-10&#8243; el_class=&#8221;grid-cursos&#8221; custom_query=&#8221;post_type=cursos&amp;tipo=especializado&amp;departamento=quiche&amp;posts_per_page=-1&amp;meta_key=fecha_inicio&amp;orderby=meta_value_num&amp;order=ASC&#8221;][\/vc_tta_section][vc_tta_section title=&#8221;Quetzaltenango&#8221; tab_id=&#8221;quetzaltenango&#8221;][vc_column_text el_class=&#8221;title-tema&#8221;]<\/p>\n<h3>Centro T\u00e9cnico Quetzaltenango<\/h3>\n<p>[\/vc_column_text][vc_raw_html el_class=&#8221;info-ct&#8221;]JTNDZGl2JTNFJTNDc3BhbiUyMGNsYXNzJTNEJTIybWF0ZXJpYWwtc3ltYm9scy1vdXRsaW5lZCUyMiUzRW1lbnVfYm9vayUzQyUyRnNwYW4lM0UlM0NzcGFuJTIwY2xhc3MlM0QlMjJ0ZSUyMG1ldG9kJTIyJTNFVGlwbyUyMGRlJTIwY3Vyc28lM0ElM0MlMkZzcGFuJTNFJTNDcCUzRVByZXNlbmNpYWxlcyUzQyUyRnAlM0UlM0MlMkZkaXYlM0UlMEElM0NkaXYlM0UlM0NzcGFuJTIwY2xhc3MlM0QlMjJtYXRlcmlhbC1pY29ucyUyMiUzRWxvY2F0aW9uX29uJTNDJTJGc3BhbiUzRSUzQ3NwYW4lMjBjbGFzcyUzRCUyMnRlJTIwdWJpJTIyJTNFVWJpY2FjaSVDMyVCM24lM0ElM0MlMkZzcGFuJTNFJTNDcCUzRUNhbnQlQzMlQjNuJTIwWGVjYXJhY29qLVRpZXJyYSUyMENvbG9yYWRhJTIwQmFqYSUyQyUyMFF1ZXR6YWx0ZW5hbmdvJTIwJTNDJTJGcCUzRSUzQyUyRmRpdiUzRSUwQSUzQ2RpdiUzRSUzQ3NwYW4lMjBjbGFzcyUzRCUyMm1hdGVyaWFsLWljb25zJTIyJTNFY2FsbCUzQyUyRnNwYW4lM0UlM0NzcGFuJTIwY2xhc3MlM0QlMjJ0ZSUyMHRlbGYlMjIlM0VUZWwlQzMlQTlmb25vJTNBJTNDJTJGc3BhbiUzRSUzQ3AlM0U3Nzk0LTE5MDElM0MlMkZwJTNFJTNDJTJGZGl2JTNF[\/vc_raw_html][vc_basic_grid post_type=&#8221;custom&#8221; item=&#8221;8048&#8243; initial_loading_animation=&#8221;fadeInLeft&#8221; grid_id=&#8221;vc_gid:1776463250948-2b6f17bb-f275-3&#8243; el_class=&#8221;grid-cursos&#8221; custom_query=&#8221;post_type=cursos&amp;tipo=especializado&amp;departamento=quetzaltenango&amp;posts_per_page=-1&amp;meta_key=fecha_inicio&amp;orderby=meta_value_num&amp;order=ASC&#8221;][\/vc_tta_section][vc_tta_section title=&#8221;Mazatenango&#8221; tab_id=&#8221;mazatenango&#8221;][vc_column_text el_class=&#8221;title-tema&#8221;]<\/p>\n<h3>Centro T\u00e9cnico Mazatenango<\/h3>\n<p>[\/vc_column_text][vc_raw_html el_class=&#8221;info-ct&#8221;]JTNDZGl2JTNFJTNDc3BhbiUyMGNsYXNzJTNEJTIybWF0ZXJpYWwtc3ltYm9scy1vdXRsaW5lZCUyMiUzRW1lbnVfYm9vayUzQyUyRnNwYW4lM0UlM0NzcGFuJTIwY2xhc3MlM0QlMjJ0ZSUyMG1ldG9kJTIyJTNFVGlwbyUyMGRlJTIwY3Vyc28lM0ElM0MlMkZzcGFuJTNFJTNDcCUzRVByZXNlbmNpYWxlcyUzQyUyRnAlM0UlM0MlMkZkaXYlM0UlMEElM0NkaXYlM0UlM0NzcGFuJTIwY2xhc3MlM0QlMjJtYXRlcmlhbC1pY29ucyUyMiUzRWxvY2F0aW9uX29uJTNDJTJGc3BhbiUzRSUzQ3NwYW4lMjBjbGFzcyUzRCUyMnRlJTIwdWJpJTIyJTNFVWJpY2FjaSVDMyVCM24lM0ElM0MlMkZzcGFuJTNFJTNDcCUzRTR0YS4lMjBDYWxsZSUyMDItMjMlMjBab25hJTIwMSUyQyUyME1hemF0ZW5hbmdvJTNDJTJGcCUzRSUzQyUyRmRpdiUzRSUwQSUzQ2RpdiUzRSUzQ3NwYW4lMjBjbGFzcyUzRCUyMm1hdGVyaWFsLWljb25zJTIyJTNFY2FsbCUzQyUyRnNwYW4lM0UlM0NzcGFuJTIwY2xhc3MlM0QlMjJ0ZSUyMHRlbGYlMjIlM0VUZWwlQzMlQTlmb25vJTNBJTNDJTJGc3BhbiUzRSUzQ3AlM0U3ODcyLTQ0ODklMjAlMkYlMjA3ODY3LTkyOTQlM0MlMkZwJTNFJTNDJTJGZGl2JTNF[\/vc_raw_html][vc_basic_grid post_type=&#8221;custom&#8221; item=&#8221;8048&#8243; initial_loading_animation=&#8221;fadeInLeft&#8221; grid_id=&#8221;vc_gid:1776463250949-669d0b10-efaf-2&#8243; el_class=&#8221;grid-cursos&#8221; custom_query=&#8221;post_type=cursos&amp;tipo=especializado&amp;departamento=mazatenango&amp;posts_per_page=-1&amp;meta_key=fecha_inicio&amp;orderby=meta_value_num&amp;order=ASC&#8221;][\/vc_tta_section][vc_tta_section title=&#8221;San Marcos&#8221; tab_id=&#8221;san-marcos&#8221;][vc_column_text el_class=&#8221;title-tema&#8221;]<\/p>\n<h3>Centro T\u00e9cnico San Marcos<\/h3>\n<p>[\/vc_column_text][vc_raw_html el_class=&#8221;info-ct&#8221;]JTNDZGl2JTNFJTNDc3BhbiUyMGNsYXNzJTNEJTIybWF0ZXJpYWwtc3ltYm9scy1vdXRsaW5lZCUyMiUzRW1lbnVfYm9vayUzQyUyRnNwYW4lM0UlM0NzcGFuJTIwY2xhc3MlM0QlMjJ0ZSUyMG1ldG9kJTIyJTNFVGlwbyUyMGRlJTIwY3Vyc28lM0ElM0MlMkZzcGFuJTNFJTNDcCUzRVByZXNlbmNpYWxlcyUzQyUyRnAlM0UlM0MlMkZkaXYlM0UlMEElM0NkaXYlM0UlM0NzcGFuJTIwY2xhc3MlM0QlMjJtYXRlcmlhbC1pY29ucyUyMiUzRWxvY2F0aW9uX29uJTNDJTJGc3BhbiUzRSUzQ3NwYW4lMjBjbGFzcyUzRCUyMnRlJTIwdWJpJTIyJTNFVWJpY2FjaSVDMyVCM24lM0ElM0MlMkZzcGFuJTNFJTNDcCUzRTEzJTIwQXZlbmlkYSUyMDUtMTMxJTIwem9uYSUyMDQlMjBTYW4lMjBNYXJjb3MlM0MlMkZwJTNFJTNDJTJGZGl2JTNFJTBBJTNDZGl2JTNFJTNDc3BhbiUyMGNsYXNzJTNEJTIybWF0ZXJpYWwtaWNvbnMlMjIlM0VjYWxsJTNDJTJGc3BhbiUzRSUzQ3NwYW4lMjBjbGFzcyUzRCUyMnRlJTIwdGVsZiUyMiUzRVRlbCVDMyVBOWZvbm8lM0ElM0MlMkZzcGFuJTNFJTNDcCUzRTc3OTYtMjkwMCUzQyUyRnAlM0UlM0MlMkZkaXYlM0U=[\/vc_raw_html][vc_basic_grid post_type=&#8221;custom&#8221; item=&#8221;8048&#8243; initial_loading_animation=&#8221;fadeInLeft&#8221; grid_id=&#8221;vc_gid:1776463250950-fb8afa3b-8c13-0&#8243; el_class=&#8221;grid-cursos&#8221; custom_query=&#8221;post_type=cursos&amp;tipo=especializado&amp;departamento=san-marcos&amp;posts_per_page=-1&amp;meta_key=fecha_inicio&amp;orderby=meta_value_num&amp;order=ASC&#8221;][\/vc_tta_section][vc_tta_section title=&#8221;Quich\u00e9&#8221; tab_id=&#8221;quiche&#8221;][vc_column_text el_class=&#8221;title-tema&#8221;]<\/p>\n<h3>Centro T\u00e9cnico Santa Cruz Quich\u00e9<\/h3>\n<p>[\/vc_column_text][vc_raw_html el_class=&#8221;info-ct&#8221;]JTNDZGl2JTNFJTNDc3BhbiUyMGNsYXNzJTNEJTIybWF0ZXJpYWwtc3ltYm9scy1vdXRsaW5lZCUyMiUzRW1lbnVfYm9vayUzQyUyRnNwYW4lM0UlM0NzcGFuJTIwY2xhc3MlM0QlMjJ0ZSUyMG1ldG9kJTIyJTNFVGlwbyUyMGRlJTIwY3Vyc28lM0ElM0MlMkZzcGFuJTNFJTNDcCUzRVByZXNlbmNpYWxlcyUzQyUyRnAlM0UlM0MlMkZkaXYlM0UlMEElM0NkaXYlM0UlM0NzcGFuJTIwY2xhc3MlM0QlMjJtYXRlcmlhbC1pY29ucyUyMiUzRWxvY2F0aW9uX29uJTNDJTJGc3BhbiUzRSUzQ3NwYW4lMjBjbGFzcyUzRCUyMnRlJTIwdWJpJTIyJTNFVWJpY2FjaSVDMyVCM24lM0ElM0MlMkZzcGFuJTNFJTNDcCUzRU1hbnphbmElMjBEJTIwQ2FzYSUyME4lQzIlQkElMjA1JTIwWm9uYSUyMDQlMjBDb2xvbmlhJTIwJUUyJTgwJTlDTG9zJTIwQ2VsYWplcyVFMiU4MCU5RCUyQyUyMFNhbnRhJTIwQ3J1eiUyMGRlbCUyMFF1aWNoJUMzJUE5JTNDJTJGcCUzRSUzQyUyRmRpdiUzRSUwQSUzQ2RpdiUzRSUzQ3NwYW4lMjBjbGFzcyUzRCUyMm1hdGVyaWFsLWljb25zJTIyJTNFY2FsbCUzQyUyRnNwYW4lM0UlM0NzcGFuJTIwY2xhc3MlM0QlMjJ0ZSUyMHRlbGYlMjIlM0VUZWwlQzMlQTlmb25vJTNBJTNDJTJGc3BhbiUzRSUzQ3AlM0U3NzU1LTQ1NDQlM0MlMkZwJTNFJTNDJTJGZGl2JTNF[\/vc_raw_html][vc_basic_grid post_type=&#8221;custom&#8221; item=&#8221;8048&#8243; initial_loading_animation=&#8221;fadeInLeft&#8221; grid_id=&#8221;vc_gid:1776463250950-2297e582-13b8-10&#8243; el_class=&#8221;grid-cursos&#8221; custom_query=&#8221;post_type=cursos&amp;tipo=especializado&amp;departamento=quiche&amp;posts_per_page=-1&amp;meta_key=fecha_inicio&amp;orderby=meta_value_num&amp;order=ASC&#8221;][\/vc_tta_section][\/vc_tta_tabs][\/vc_column][\/vc_row]<\/p>\n<\/div>","protected":false},"excerpt":{"rendered":"<p>[vc_row full_width=&#8221;stretch_row&#8221; bg_type=&#8221;image&#8221; parallax_style=&#8221;vcpb-default&#8221; bg_image_new=&#8221;id^9624|url^https:\/\/www.fundap.com.gt\/centro-tecnico\/wp-content\/uploads\/2025\/11\/male-chef-putting-salad-plate-scaled.jpg|caption^null|alt^null|title^male-chef-putting-salad-plate|description^null&#8221; bg_image_repeat=&#8221;no-repeat&#8221; enable_overlay=&#8221;enable_overlay_value&#8221; overlay_color=&#8221;rgba(0,0,0,0.2)&#8221; overlay_pattern=&#8221;transperant&#8221; css=&#8221;.vc_custom_1763058636789{padding-top: 100px !important;padding-bottom: 100px !important;}&#8221; el_id=&#8221;intro-row&#8221;][vc_column width=&#8221;1\/2&#8243;][vc_column_text css=&#8221;&#8221; el_class=&#8221;meses&#8221;]2 meses Cursos por Horas[\/vc_column_text][vc_column_text el_class=&#8221;lista-temas pre-title&#8221;] Cocina Belleza Textiles [\/vc_column_text][vc_column_text css=&#8221;&#8221; el_class=&#8221;intro&#8221;] Cursos especializados Cursos de 2 meses para desarrollar tus habilidades y destrezas que te permitan generar ingresos dignos.[\/vc_column_text][vc_raw_html]JTNDYnV0dG9uJTIwY2xhc3MlM0QlMjJ2ZXItaW5mbyUyMHRvLWN1cnNvcyUyMiUzRVZlciUyMGN1cnNvcyUyMCUzQ3NwYW4lMjBjbGFzcyUzRCUyMm1hdGVyaWFsLXN5bWJvbHMtb3V0bGluZWQlMjIlM0VleHBhbmRfbW9yZSUzQyUyRnNwYW4lM0UlM0MlMkZidXR0b24lM0U=[\/vc_raw_html][\/vc_column][vc_column width=&#8221;1\/2&#8243; el_id=&#8221;meses&#8221;][\/vc_column][\/vc_row][vc_row equal_height=&#8221;yes&#8221; content_placement=&#8221;middle&#8221; css=&#8221;.vc_custom_1668426925233{padding-top: 90px !important;padding-bottom:&hellip;<\/p>\n","protected":false},"author":13,"featured_media":9637,"parent":0,"menu_order":0,"comment_status":"closed","ping_status":"closed","template":"","meta":{"_acf_changed":false,"ngg_post_thumbnail":0,"footnotes":""},"tags":[],"class_list":["post-8068","page","type-page","status-publish","has-post-thumbnail","hentry","description-off"],"acf":[],"_links":{"self":[{"href":"https:\/\/www.fundap.com.gt\/centro-tecnico\/wp-json\/wp\/v2\/pages\/8068","targetHints":{"allow":["GET"]}}],"collection":[{"href":"https:\/\/www.fundap.com.gt\/centro-tecnico\/wp-json\/wp\/v2\/pages"}],"about":[{"href":"https:\/\/www.fundap.com.gt\/centro-tecnico\/wp-json\/wp\/v2\/types\/page"}],"author":[{"embeddable":true,"href":"https:\/\/www.fundap.com.gt\/centro-tecnico\/wp-json\/wp\/v2\/users\/13"}],"replies":[{"embeddable":true,"href":"https:\/\/www.fundap.com.gt\/centro-tecnico\/wp-json\/wp\/v2\/comments?post=8068"}],"version-history":[{"count":28,"href":"https:\/\/www.fundap.com.gt\/centro-tecnico\/wp-json\/wp\/v2\/pages\/8068\/revisions"}],"predecessor-version":[{"id":9832,"href":"https:\/\/www.fundap.com.gt\/centro-tecnico\/wp-json\/wp\/v2\/pages\/8068\/revisions\/9832"}],"wp:featuredmedia":[{"embeddable":true,"href":"https:\/\/www.fundap.com.gt\/centro-tecnico\/wp-json\/wp\/v2\/media\/9637"}],"wp:attachment":[{"href":"https:\/\/www.fundap.com.gt\/centro-tecnico\/wp-json\/wp\/v2\/media?parent=8068"}],"wp:term":[{"taxonomy":"post_tag","embeddable":true,"href":"https:\/\/www.fundap.com.gt\/centro-tecnico\/wp-json\/wp\/v2\/tags?post=8068"}],"curies":[{"name":"wp","href":"https:\/\/api.w.org\/{rel}","templated":true}]}}